0. What is the remainder when v(13) is divided by t?
18
Suppose 19*l + 1120 = 11*l. Let z = -75 - l. Let n(i) = 23*i**3 - 2*i**2 + 2*i - 1. Calculate the remainder when z is divided by n(1).
21
Suppose -z + 392 = 7*z + 4*v - 632, 0 = -4*v. What is the remainder when 440 is divided by z?
56
Let i = -55 + 153. Suppose -102*v = -101*v - 51. What is the remainder when i is divided by v?
47
Let k(v) = -8 - 23*v - 12 - 9. Let d be k(-6). Suppose 21 = 5*p - d. Calculate the remainder when 76 is divided by p.
24
Let m = -3686 - -4322. Calculate the remainder when m is divided by 190.
66
Let r be (-43)/4 + (-1)/4. Let p = 26 + r. Let i(u) = -3004*u + 18097. What is the remainder when i(6) is divided by p?
13
Let j(c) = -8*c**3 - 3*c**2 - 8*c + 29. Calculate the remainder when 2004 is divided by j(-5).
16
Let j(r) = -667*r - 408. Calculate the remainder when j(-3) is divided by 29.
27
Let j(l) = 50*l**2 - 104*l - 21. Calculate the remainder when j(5) is divided by 13.
7
Let p(h) = -h**2 + 7*h + 3. Let y be (-4268)/(-60) + (2/(-15))/1. Let s = 77 - y. Calculate the remainder when 24 is divided by p(s).
6
Suppose 13*t - 877 - 956 = 0. What is the remainder when 508 is divided by t?
85
Let k(l) = 18*l**2 - 10*l - 8 + 21*l**2 - 38*l**2. Suppose 12*g + 9 = 11*g. What is the remainder when k(g) is divided by 41?
40
Let c(w) be the second derivative of 15/2*w**3 - 2*w - w**2 + 0. Calculate the remainder when c(1) is divided by 11.
10
Let v(g) = 8*g - 2. Let d(x) = x - 10. Let f be d(7). What is the remainder when ((-414)/30 - f)*-5 is divided by v(2)?
12
Let x(j) = -2*j**3 + 6*j**2 + 20*j - 36. What is the remainder when 11734 is divided by x(3)?
22
What is the remainder when (67/2)/(5/30) is divided by (-495)/(-99) + 2/((-4)/(-58))?
31
Let x be 5/15*-4 + 1/3. Let y be ((-30)/1)/(-7*x/14). Let s = -44 - y. What is the remainder when 58 is divided by s?
10
Suppose 5*r - 5*o - 330 = 0, -2*o - 197 = -3*r + 2*o. Let u be 295*12*3*12/(-270). Let w = -449 - u. What is the remainder when r is divided by w?
21
Let l(s) = s**3 + 47*s**2 + 371*s + 40. What is the remainder when 1121 is divided by l(-37)?
2
Let f(u) = 9*u - 75. Let m be (-56)/21*(1 + (-76)/16). Calculate the remainder when 28 is divided by f(m).
13
Let d(z) = z**2 - 28*z - 33. What is the remainder when 394 is divided by d(-5)?
130
Let m be 6/(-4) - (4 + (-18)/4). Calculate the remainder when 5 - 0 - 9*m is divided by 6.
2
Let h(m) = -m**3 - 16*m**2 - 13*m + 11. Let s be h(-15). Let c = s - -19. Suppose c = 6*t - 20 - 46. What is the remainder when 18 is divided by t?
7
Let f(v) = v**2 + 2*v - 48. Let n be f(11). Suppose 4*c - 435 + n = 0. Calculate the remainder when c is divided by 30.
25
Let u be 29/(-1 + 28/26). Let b = -373 + u. Calculate the remainder when 25 is divided by b.
1
Suppose g - 218 = 4*i - 2173, -5*i + g + 2445 = 0. Suppose -488*v = -i*v + 46. What is the remainder when 30 is divided by v?
7
Let t = -269 + 272. Suppose 3*a - 24 - 49 = -4*k, 0 = -t*a + 9. Calculate the remainder when 55 is divided by k.
7
Suppose 2358 = 1041*i - 1039*i. Calculate the remainder when i is divided by 106.
13
Let r be ((-139)/4)/(((-5)/40)/1). Suppose -7*i + r = -723. Calculate the remainder when i is divided by 49.
45
Let b = 9336 + -6790. What is the remainder when b is divided by 15?
11
Let m(f) = 43*f**2 - 3737*f - 113. What is the remainder when m(87) is divided by 10?
5
Let c(z) = -32*z - 136 - 123*z - 180 + 46 - 52*z. Calculate the remainder when c(-3) is divided by 71.
67
Let l(v) = -309*v + 933. Calculate the remainder when 2594 is divided by l(3).
2
Let c = 991 - 612. Let v = -301 + c. Calculate the remainder when v is divided by 8.
6
Let u = -49 - -54. Let y be 3/((-10)/u + 13/5). Suppose -5*t + 0*t + y = 0, 0 = -4*x - t + 369. What is the remainder when x is divided by 19?
16
Let l = -91 + 130. Suppose 3*k - 327 = 6. Suppose 0 = -5*m + k + l. Calculate the remainder when 59 is divided by m.
29
Suppose n - 5*d = 54, n + 2*d - 24 = -5. What is the remainder when 85 is divided by (-77)/(-77) + (n - 1 - 0)?
27
Let z = 1 + -1. Let g(k) be the second derivative of k**5/20 + k**4/12 - k**3/3 + 13*k**2/2 - 276*k. What is the remainder when 19 is divided by g(z)?
6
Let a(z) = z**3 - 2*z**2 + 53*z - 156. Calculate the remainder when 413 is divided by a(3).
5
Let c(j) = -4 - j**3 + 18*j - 34*j + 17*j. Let g be c(-6). Suppose -5*h + 4*b = -g, h - 5*b - 10 - 48 = 0. Calculate the remainder when h is divided by 13.
12
Suppose 3*l - 27 = 12. Let i = -324 - -343. Calculate the remainder when i is divided by l.
6
Let n(z) = z**2 - 5*z + 24. Let v(t) = 25*t**2 - 12*t**2 + 1 - 12*t**2 - 7 + 5*t. Let j be v(-7). What is the remainder when n(j) is divided by 13?
9
Suppose 2*f - 4*i + 6*i = 18, 3*f + 4*i - 32 = 0. Suppose -4 = f*h - 20, 4*c + 3*h = 32. Calculate the remainder when 23 is divided by c.
3
Let u = 366 - 237. Suppose -5*d = -q + 403, 4*q - 5*q + 431 = 2*d. Let t = q + -397. What is the remainder when u is divided by t?
25
Suppose k - 872 = -12*v + 15*v, k = 4*v + 878. What is the remainder when k is divided by 57?
56
Let l = 34311 + -34007. Calculate the remainder when l is divided by (0 - 1)*(-51 + 0).
49
Let b(f) = -54*f + 4. Let o be b(2). Let u = -71 - o. What is the remainder when 98 is divided by 1/(133/u - 4)?
32
Let s be (2/12)/(6/108). Suppose x - 4*g = 29, 5*x - 131 = -s*g + 14. What is the remainder when x is divided by 6?
5
Let u be (-5)/((-25)/(-5)) + (-117)/(-3). Let y = u - 19. Suppose -30*f + 330 = -24*f. Calculate the remainder when f is divided by y.
17
Suppose -123 = -5*b + 5*y + 2, -94 = -4*b + 2*y. Calculate the remainder when 787 is divided by b.
17
Calculate the remainder when 3213 is divided by 96 + -84 - ((-6)/(-5))/(3/10).
5
Suppose 3*q + 3*b - 225 = 4*b, 0 = 3*q - 4*b - 216. Calculate the remainder when q is divided by (-90 + 4)/((2/4)/((-139)/556)).
33
Let s(j) = -18*j - 3. Let p = 207 + -11. What is the remainder when p is divided by s(-2)?
31
Let s = 1508 - 1494. What is the remainder when 263 is divided by s?
11
Suppose -15*v + 100 = -2*q - 17*v, 0 = 5*q - 4*v + 232. Suppose 64 = -3*p - 170. Let f = q - p. Calculate the remainder when f is divided by 15.
0
Let l(w) = 30*w - 161. What is the remainder when l(54) is divided by 92?
79
Let k(m) = -316*m - 1253. What is the remainder when 14044 is divided by k(-4)?
8
Let z be -78 + -18 + 22 + 3. Let a be (5/4)/(1/60). Let v = z + a. What is the remainder when 15 is divided by v?
3
Let i = -53472 + 53671. Let l(f) = f**3 - 5*f**2 + 3*f - 5. Calculate the remainder when i is divided by l(5).
9
Let d = 242038 - 242030. What is the remainder when -2 - -2 - -1*9 is divided by d?
1
Let l(d) = -d + 10. Let z be l(0). Suppose 6*k = k + z. Suppose -3*y + 28 = -m, 5 = k*m - m. Calculate the remainder when 76 is divided by y.
10
Suppose 0 = -6*h - 0*h + 66. Suppose 3*k = -s + 295, 8*k - h*k = -3*s + 849. Calculate the remainder when s is divided by 36.
34
What is the remainder when (-982)/(-3) + 770/462 is divided by 68?
57
Suppose 0 = 5*j - 10*j + 845. Let y(v) = -v**3 - 3*v**2 + 147*v - 64. Calculate the remainder when j is divided by y(-14).
33
Let g be (2 - -1) + 2 - -331. Let s = g + -327. Suppose -2*w + 48 = w. Calculate the remainder when w is divided by s.
7
Let p(y) = -y**2 - 14*y - 36. Let d be p(-7). Let f(u) = -2*u**2 + 39*u - 12. What is the remainder when f(d) is divided by 28?
17
Suppose 655 = -8*u + 751. Suppose -1516 - 764 = -12*g. Calculate the remainder when g is divided by u.
10
Let h = -393 + 400. Let j(b) = -b**3 + 15*b**2 - 54*b - 4. Calculate the remainder when 25 is divided by j(h).
5
Let c(z) = 3*z**2 - 3*z - 1. Let u be c(-2). Suppose 149 + u = p. Suppose 0 = -11*r + p + 186. What is the remainder when r is divided by 19?
13
Let r = 2502 - 2488. Calculate the remainder when 2616 is divided by r.
12
Suppose 0 = 3*s - 3*h - 2688, 21*h = 3*s + 17*h - 2686. What is the remainder when s is divided by 41?
37
Calculate the remainder when (-8127)/126*(-350)/21 is divided by 23.
17
Suppose 0 = 27*b - 46*b + 228. Let u(k) = -19*k**3 - 3*k**2 - 10*k - 7. What is the remainder when u(-2) is divided by b?
9
Suppose 123*d = -104*d + 95340. Calculate the remainder when d is divided by 17.
12
Suppose -923 = -34*i + 1729. Let 